{"id":6716,"date":"2025-12-04T11:28:17","date_gmt":"2025-12-04T10:28:17","guid":{"rendered":"https:\/\/motorstandard.fr\/?post_type=product&#038;p=6716"},"modified":"2026-02-20T11:07:26","modified_gmt":"2026-02-20T10:07:26","slug":"pointeau-caoutchouc-bing-serie-1","status":"publish","type":"product","link":"https:\/\/motorstandard.fr\/?product=pointeau-caoutchouc-bing-serie-1","title":{"rendered":"Pointeau caoutchouc BING s\u00e9rie 1"},"content":{"rendered":"<p>Pointeau \u00e0 pointe caoutchouc pour carburateur BING s\u00e9rie 1 de 19mm, 22mm, 23mm<\/p>\n<p>pour carburateur BING \u00e0 boisseau, cuve non s\u00e9par\u00e9e type : 1\/19\/14, 1\/22\/174, 1\/23\/1 etc\u2026.<\/p>\n<p>Mont\u00e9 sur Agria, Motostandard\u2026.<\/p>\n<p>Pointeau adaptable.<\/p>\n<p>En cas de forte d\u00e9t\u00e9rioration du si\u00e8ge de pointeau, nous contacter<\/p>\n","protected":false},"excerpt":{"rendered":"<p>Pointeau \u00e0 pointe caoutchouc pour carburateur BING s\u00e9rie 1 de 19mm, 22mm, 23mm pour carburateur BING \u00e0 boisseau, cuve non<\/p>\n","protected":false},"featured_media":6717,"comment_status":"open","ping_status":"closed","template":"","meta":[],"product_brand":[116],"product_cat":[79,19],"product_tag":[],"class_list":{"0":"post-6716","1":"product","2":"type-product","3":"status-publish","4":"has-post-thumbnail","6":"product_brand-bing","7":"product_cat-carburateurs","8":"product_cat-bing","10":"first","11":"instock","12":"shipping-taxable","13":"purchasable","14":"product-type-simple"},"post_mailing_queue_ids":[],"_links":{"self":[{"href":"https:\/\/motorstandard.fr\/index.php?rest_route=\/wp\/v2\/product\/6716","targetHints":{"allow":["GET"]}}],"collection":[{"href":"https:\/\/motorstandard.fr\/index.php?rest_route=\/wp\/v2\/product"}],"about":[{"href":"https:\/\/motorstandard.fr\/index.php?rest_route=\/wp\/v2\/types\/product"}],"replies":[{"embeddable":true,"href":"https:\/\/motorstandard.fr\/index.php?rest_route=%2Fwp%2Fv2%2Fcomments&post=6716"}],"version-history":[{"count":1,"href":"https:\/\/motorstandard.fr\/index.php?rest_route=\/wp\/v2\/product\/6716\/revisions"}],"predecessor-version":[{"id":29451,"href":"https:\/\/motorstandard.fr\/index.php?rest_route=\/wp\/v2\/product\/6716\/revisions\/29451"}],"wp:featuredmedia":[{"embeddable":true,"href":"https:\/\/motorstandard.fr\/index.php?rest_route=\/wp\/v2\/media\/6717"}],"wp:attachment":[{"href":"https:\/\/motorstandard.fr\/index.php?rest_route=%2Fwp%2Fv2%2Fmedia&parent=6716"}],"wp:term":[{"taxonomy":"product_brand","embeddable":true,"href":"https:\/\/motorstandard.fr\/index.php?rest_route=%2Fwp%2Fv2%2Fproduct_brand&post=6716"},{"taxonomy":"product_cat","embeddable":true,"href":"https:\/\/motorstandard.fr\/index.php?rest_route=%2Fwp%2Fv2%2Fproduct_cat&post=6716"},{"taxonomy":"product_tag","embeddable":true,"href":"https:\/\/motorstandard.fr\/index.php?rest_route=%2Fwp%2Fv2%2Fproduct_tag&post=6716"}],"curies":[{"name":"wp","href":"https:\/\/api.w.org\/{rel}","templated":true}]}}