{"id":6216,"date":"2025-05-12T15:43:28","date_gmt":"2025-05-12T13:43:28","guid":{"rendered":"https:\/\/motorstandard.fr\/?post_type=product&#038;p=6216"},"modified":"2026-05-03T20:02:42","modified_gmt":"2026-05-03T18:02:42","slug":"pointeau-caoutchouc-gurtner","status":"publish","type":"product","link":"https:\/\/motorstandard.fr\/?product=pointeau-caoutchouc-gurtner","title":{"rendered":"Pointeau caoutchouc Gurtner"},"content":{"rendered":"<p>Pointeau caoutchouc pour carburateur type Z<\/p>\n<p>Pour moteur GUTBROD \/ MOTOSTANDARD T114; T116; T120; T150; T220\u00a0 \u00a0 \u00a0gamme TERRA<\/p>\n<p>diam\u00e8tre 4mm, longueur 18mm<\/p>\n<p>Ref GURTNER : 4858<\/p>\n<p>&nbsp;<\/p>\n<p>niveau de cuve 6mm depuis le plan de joint (sans le joint de cuve)<\/p>\n<p>hauteur plan de joint \/ patte m\u00e9tallique ou appui le flotteur, la patte m\u00e9tallique est alors parall\u00e8le au plan de joint.<\/p>\n","protected":false},"excerpt":{"rendered":"<p>Pointeau caoutchouc pour carburateur type Z Pour moteur GUTBROD \/ MOTOSTANDARD T114; T116; T120; T150; T220\u00a0 \u00a0 \u00a0gamme TERRA diam\u00e8tre<\/p>\n","protected":false},"featured_media":6217,"comment_status":"open","ping_status":"closed","template":"","meta":[],"product_brand":[111],"product_cat":[79,164,21,15,16,18,13],"product_tag":[],"class_list":{"0":"post-6216","1":"product","2":"type-product","3":"status-publish","4":"has-post-thumbnail","6":"product_brand-gurtner","7":"product_cat-carburateurs","8":"product_cat-motostandard","9":"product_cat-gurtner","10":"product_cat-motostandard-t114-t116-t120","11":"product_cat-motostandard-t115","12":"product_cat-motostandard-t150","13":"product_cat-motostandard-t220","15":"first","16":"instock","17":"shipping-taxable","18":"purchasable","19":"product-type-simple"},"post_mailing_queue_ids":[],"_links":{"self":[{"href":"https:\/\/motorstandard.fr\/index.php?rest_route=\/wp\/v2\/product\/6216","targetHints":{"allow":["GET"]}}],"collection":[{"href":"https:\/\/motorstandard.fr\/index.php?rest_route=\/wp\/v2\/product"}],"about":[{"href":"https:\/\/motorstandard.fr\/index.php?rest_route=\/wp\/v2\/types\/product"}],"replies":[{"embeddable":true,"href":"https:\/\/motorstandard.fr\/index.php?rest_route=%2Fwp%2Fv2%2Fcomments&post=6216"}],"version-history":[{"count":4,"href":"https:\/\/motorstandard.fr\/index.php?rest_route=\/wp\/v2\/product\/6216\/revisions"}],"predecessor-version":[{"id":29673,"href":"https:\/\/motorstandard.fr\/index.php?rest_route=\/wp\/v2\/product\/6216\/revisions\/29673"}],"wp:featuredmedia":[{"embeddable":true,"href":"https:\/\/motorstandard.fr\/index.php?rest_route=\/wp\/v2\/media\/6217"}],"wp:attachment":[{"href":"https:\/\/motorstandard.fr\/index.php?rest_route=%2Fwp%2Fv2%2Fmedia&parent=6216"}],"wp:term":[{"taxonomy":"product_brand","embeddable":true,"href":"https:\/\/motorstandard.fr\/index.php?rest_route=%2Fwp%2Fv2%2Fproduct_brand&post=6216"},{"taxonomy":"product_cat","embeddable":true,"href":"https:\/\/motorstandard.fr\/index.php?rest_route=%2Fwp%2Fv2%2Fproduct_cat&post=6216"},{"taxonomy":"product_tag","embeddable":true,"href":"https:\/\/motorstandard.fr\/index.php?rest_route=%2Fwp%2Fv2%2Fproduct_tag&post=6216"}],"curies":[{"name":"wp","href":"https:\/\/api.w.org\/{rel}","templated":true}]}}