{"id":423,"date":"2017-05-29T15:40:56","date_gmt":"2017-05-29T13:40:56","guid":{"rendered":"https:\/\/motorstandard.fr\/?post_type=product&#038;p=423"},"modified":"2026-01-24T14:33:13","modified_gmt":"2026-01-24T13:33:13","slug":"joint-dadmission-echappement-1050","status":"publish","type":"product","link":"https:\/\/motorstandard.fr\/?product=joint-dadmission-echappement-1050","title":{"rendered":"Joint d&rsquo;admission \/ \u00e9chappement 1050"},"content":{"rendered":"<p>Joint d&rsquo;admission\/\u00e9chappement pour Motostandard 1050 E<\/p>\n<p>Se monte sur moteur MAG 1045<\/p>\n<p>vendu \u00e0 l&rsquo;unit\u00e9<\/p>\n<p>ref : 58.03.017<\/p>\n","protected":false},"excerpt":{"rendered":"<p>Joint d&rsquo;admission\/\u00e9chappement pour Motostandard 1050 E Se monte sur moteur MAG 1045 vendu \u00e0 l&rsquo;unit\u00e9 ref : 58.03.017<\/p>\n","protected":false},"featured_media":424,"comment_status":"closed","ping_status":"closed","template":"","meta":[],"product_brand":[],"product_cat":[185,30],"product_tag":[],"class_list":{"0":"post-423","1":"product","2":"type-product","3":"status-publish","4":"has-post-thumbnail","6":"product_cat-motostandard-1050-moteur","7":"product_cat-motostandard-1050e","9":"first","10":"instock","11":"shipping-taxable","12":"purchasable","13":"product-type-simple"},"post_mailing_queue_ids":[],"_links":{"self":[{"href":"https:\/\/motorstandard.fr\/index.php?rest_route=\/wp\/v2\/product\/423","targetHints":{"allow":["GET"]}}],"collection":[{"href":"https:\/\/motorstandard.fr\/index.php?rest_route=\/wp\/v2\/product"}],"about":[{"href":"https:\/\/motorstandard.fr\/index.php?rest_route=\/wp\/v2\/types\/product"}],"replies":[{"embeddable":true,"href":"https:\/\/motorstandard.fr\/index.php?rest_route=%2Fwp%2Fv2%2Fcomments&post=423"}],"version-history":[{"count":2,"href":"https:\/\/motorstandard.fr\/index.php?rest_route=\/wp\/v2\/product\/423\/revisions"}],"predecessor-version":[{"id":30396,"href":"https:\/\/motorstandard.fr\/index.php?rest_route=\/wp\/v2\/product\/423\/revisions\/30396"}],"wp:featuredmedia":[{"embeddable":true,"href":"https:\/\/motorstandard.fr\/index.php?rest_route=\/wp\/v2\/media\/424"}],"wp:attachment":[{"href":"https:\/\/motorstandard.fr\/index.php?rest_route=%2Fwp%2Fv2%2Fmedia&parent=423"}],"wp:term":[{"taxonomy":"product_brand","embeddable":true,"href":"https:\/\/motorstandard.fr\/index.php?rest_route=%2Fwp%2Fv2%2Fproduct_brand&post=423"},{"taxonomy":"product_cat","embeddable":true,"href":"https:\/\/motorstandard.fr\/index.php?rest_route=%2Fwp%2Fv2%2Fproduct_cat&post=423"},{"taxonomy":"product_tag","embeddable":true,"href":"https:\/\/motorstandard.fr\/index.php?rest_route=%2Fwp%2Fv2%2Fproduct_tag&post=423"}],"curies":[{"name":"wp","href":"https:\/\/api.w.org\/{rel}","templated":true}]}}