{"id":3519,"date":"2022-03-28T17:59:35","date_gmt":"2022-03-28T15:59:35","guid":{"rendered":"https:\/\/motorstandard.fr\/?post_type=product&#038;p=3519"},"modified":"2026-03-02T09:26:14","modified_gmt":"2026-03-02T08:26:14","slug":"siege-de-pointeau-zenith-28-rxz","status":"publish","type":"product","link":"https:\/\/motorstandard.fr\/?product=siege-de-pointeau-zenith-28-rxz","title":{"rendered":"Si\u00e8ge de pointeau ZENITH 28 RXZ"},"content":{"rendered":"<p>Si\u00e8ge de pointeau pour carburateur ZENITH 28 RXZ<\/p>\n<p>livr\u00e9 avec son joint sp\u00e9cifique aluminium<\/p>\n<p>ref Zenith : 23.649<\/p>\n<p>ref joint : 173.649<\/p>\n<p>&nbsp;<\/p>\n<p>&nbsp;<\/p>\n","protected":false},"excerpt":{"rendered":"<p>Si\u00e8ge de pointeau pour carburateur ZENITH 28 RXZ livr\u00e9 avec son joint sp\u00e9cifique aluminium ref Zenith : 23.649 ref joint<\/p>\n","protected":false},"featured_media":3520,"comment_status":"open","ping_status":"closed","template":"","meta":[],"product_brand":[114],"product_cat":[79,22],"product_tag":[],"class_list":{"0":"post-3519","1":"product","2":"type-product","3":"status-publish","4":"has-post-thumbnail","6":"product_brand-zenith","7":"product_cat-carburateurs","8":"product_cat-zenith","10":"first","11":"instock","12":"shipping-taxable","13":"purchasable","14":"product-type-simple"},"post_mailing_queue_ids":[],"_links":{"self":[{"href":"https:\/\/motorstandard.fr\/index.php?rest_route=\/wp\/v2\/product\/3519","targetHints":{"allow":["GET"]}}],"collection":[{"href":"https:\/\/motorstandard.fr\/index.php?rest_route=\/wp\/v2\/product"}],"about":[{"href":"https:\/\/motorstandard.fr\/index.php?rest_route=\/wp\/v2\/types\/product"}],"replies":[{"embeddable":true,"href":"https:\/\/motorstandard.fr\/index.php?rest_route=%2Fwp%2Fv2%2Fcomments&post=3519"}],"version-history":[{"count":1,"href":"https:\/\/motorstandard.fr\/index.php?rest_route=\/wp\/v2\/product\/3519\/revisions"}],"predecessor-version":[{"id":29379,"href":"https:\/\/motorstandard.fr\/index.php?rest_route=\/wp\/v2\/product\/3519\/revisions\/29379"}],"wp:featuredmedia":[{"embeddable":true,"href":"https:\/\/motorstandard.fr\/index.php?rest_route=\/wp\/v2\/media\/3520"}],"wp:attachment":[{"href":"https:\/\/motorstandard.fr\/index.php?rest_route=%2Fwp%2Fv2%2Fmedia&parent=3519"}],"wp:term":[{"taxonomy":"product_brand","embeddable":true,"href":"https:\/\/motorstandard.fr\/index.php?rest_route=%2Fwp%2Fv2%2Fproduct_brand&post=3519"},{"taxonomy":"product_cat","embeddable":true,"href":"https:\/\/motorstandard.fr\/index.php?rest_route=%2Fwp%2Fv2%2Fproduct_cat&post=3519"},{"taxonomy":"product_tag","embeddable":true,"href":"https:\/\/motorstandard.fr\/index.php?rest_route=%2Fwp%2Fv2%2Fproduct_tag&post=3519"}],"curies":[{"name":"wp","href":"https:\/\/api.w.org\/{rel}","templated":true}]}}