{"id":3135,"date":"2021-10-14T09:25:44","date_gmt":"2021-10-14T07:25:44","guid":{"rendered":"https:\/\/motorstandard.fr\/?post_type=product&#038;p=3135"},"modified":"2026-04-27T14:17:10","modified_gmt":"2026-04-27T12:17:10","slug":"filtre-essence","status":"publish","type":"product","link":"https:\/\/motorstandard.fr\/?product=filtre-essence","title":{"rendered":"Filtre essence"},"content":{"rendered":"<p>Filtre \u00e0 essence \u00e0 monter sur durite (diam\u00e8tre 5 \/ 6mm)<\/p>\n<p>En m\u00e9tal, d\u00e9montable pour nettoyage du filtre<\/p>\n<p>Sens de montage fl\u00e9ch\u00e9.<\/p>\n<p>fabriqu\u00e9 en Italie<\/p>\n","protected":false},"excerpt":{"rendered":"<p>Filtre \u00e0 essence \u00e0 monter sur durite (diam\u00e8tre 5 \/ 6mm) En m\u00e9tal, d\u00e9montable pour nettoyage du filtre Sens de<\/p>\n","protected":false},"featured_media":3136,"comment_status":"open","ping_status":"closed","template":"","meta":[],"product_brand":[],"product_cat":[63,60,136,139,143,178,186,190,54,86,19,21,20,22,27,28,29,32,30,24,37,35,38,51,15,16,18,13],"product_tag":[],"class_list":{"0":"post-3135","1":"product","2":"type-product","3":"status-publish","4":"has-post-thumbnail","6":"product_cat-aebi","7":"product_cat-mag-1026","8":"product_cat-motostandard-1030-carburation","9":"product_cat-motostandard-1031-carburation","10":"product_cat-motostandard-1032-carburation","11":"product_cat-motostandard-1040-carburation","12":"product_cat-motostandard-1050-carburation","13":"product_cat-motostandard-2060-carburation","14":"product_cat-staub","15":"product_cat-tracteurs","16":"product_cat-bing","17":"product_cat-gurtner","18":"product_cat-solex","19":"product_cat-zenith","20":"product_cat-motostandard-1030","21":"product_cat-motostandard-1031","22":"product_cat-motostandard-1032","23":"product_cat-motostandard-1040","24":"product_cat-motostandard-1050e","25":"product_cat-motostandard-2060","26":"product_cat-bernard-139239249","27":"product_cat-bernard-w110","28":"product_cat-mag-1029","29":"product_cat-mag-1021","30":"product_cat-motostandard-t114-t116-t120","31":"product_cat-motostandard-t115","32":"product_cat-motostandard-t150","33":"product_cat-motostandard-t220","35":"first","36":"instock","37":"shipping-taxable","38":"purchasable","39":"product-type-simple"},"post_mailing_queue_ids":[],"_links":{"self":[{"href":"https:\/\/motorstandard.fr\/index.php?rest_route=\/wp\/v2\/product\/3135","targetHints":{"allow":["GET"]}}],"collection":[{"href":"https:\/\/motorstandard.fr\/index.php?rest_route=\/wp\/v2\/product"}],"about":[{"href":"https:\/\/motorstandard.fr\/index.php?rest_route=\/wp\/v2\/types\/product"}],"replies":[{"embeddable":true,"href":"https:\/\/motorstandard.fr\/index.php?rest_route=%2Fwp%2Fv2%2Fcomments&post=3135"}],"version-history":[{"count":1,"href":"https:\/\/motorstandard.fr\/index.php?rest_route=\/wp\/v2\/product\/3135\/revisions"}],"predecessor-version":[{"id":29566,"href":"https:\/\/motorstandard.fr\/index.php?rest_route=\/wp\/v2\/product\/3135\/revisions\/29566"}],"wp:featuredmedia":[{"embeddable":true,"href":"https:\/\/motorstandard.fr\/index.php?rest_route=\/wp\/v2\/media\/3136"}],"wp:attachment":[{"href":"https:\/\/motorstandard.fr\/index.php?rest_route=%2Fwp%2Fv2%2Fmedia&parent=3135"}],"wp:term":[{"taxonomy":"product_brand","embeddable":true,"href":"https:\/\/motorstandard.fr\/index.php?rest_route=%2Fwp%2Fv2%2Fproduct_brand&post=3135"},{"taxonomy":"product_cat","embeddable":true,"href":"https:\/\/motorstandard.fr\/index.php?rest_route=%2Fwp%2Fv2%2Fproduct_cat&post=3135"},{"taxonomy":"product_tag","embeddable":true,"href":"https:\/\/motorstandard.fr\/index.php?rest_route=%2Fwp%2Fv2%2Fproduct_tag&post=3135"}],"curies":[{"name":"wp","href":"https:\/\/api.w.org\/{rel}","templated":true}]}}