{"id":3115,"date":"2021-10-04T15:23:43","date_gmt":"2021-10-04T13:23:43","guid":{"rendered":"https:\/\/motorstandard.fr\/?post_type=product&#038;p=3115"},"modified":"2026-01-15T16:24:49","modified_gmt":"2026-01-15T15:24:49","slug":"disque-dembrayage-diam-140","status":"publish","type":"product","link":"https:\/\/motorstandard.fr\/?product=disque-dembrayage-diam-140","title":{"rendered":"Disque d&#8217;embrayage diam 140"},"content":{"rendered":"<p>Disque d&#8217;embrayage <strong>diam\u00e8tre 140 mm<\/strong> pour micro tracteur Gutbrod \/\u00a0 Motostandard<\/p>\n<p>10 cannelures, moyeu d\u00e9port\u00e9 18&#215;23<\/p>\n<p>Se monte sur la premi\u00e8re g\u00e9n\u00e9ration de microtracteur Gutbrod \/\u00a0 Motostandard<\/p>\n<p>ref : 90.08.021<\/p>\n<p>&nbsp;<\/p>\n","protected":false},"excerpt":{"rendered":"<p>Disque d&#8217;embrayage diam\u00e8tre 140 mm pour micro tracteur Gutbrod \/\u00a0 Motostandard 10 cannelures, moyeu d\u00e9port\u00e9 18&#215;23 Se monte sur la<\/p>\n","protected":false},"featured_media":3116,"comment_status":"open","ping_status":"closed","template":"","meta":[],"product_brand":[],"product_cat":[137,142,146,180,187,191,86,27,28,29,32,30,24],"product_tag":[],"class_list":{"0":"post-3115","1":"product","2":"type-product","3":"status-publish","4":"has-post-thumbnail","6":"product_cat-motostandard-1030-transmission","7":"product_cat-motostandard-1031-transmission","8":"product_cat-motostandard-1032-transmission","9":"product_cat-motostandard-1040-transmission","10":"product_cat-motostandard-1050-transmission","11":"product_cat-motostandard-2060-transmission","12":"product_cat-tracteurs","13":"product_cat-motostandard-1030","14":"product_cat-motostandard-1031","15":"product_cat-motostandard-1032","16":"product_cat-motostandard-1040","17":"product_cat-motostandard-1050e","18":"product_cat-motostandard-2060","20":"first","21":"outofstock","22":"shipping-taxable","23":"purchasable","24":"product-type-simple"},"post_mailing_queue_ids":[],"_links":{"self":[{"href":"https:\/\/motorstandard.fr\/index.php?rest_route=\/wp\/v2\/product\/3115","targetHints":{"allow":["GET"]}}],"collection":[{"href":"https:\/\/motorstandard.fr\/index.php?rest_route=\/wp\/v2\/product"}],"about":[{"href":"https:\/\/motorstandard.fr\/index.php?rest_route=\/wp\/v2\/types\/product"}],"replies":[{"embeddable":true,"href":"https:\/\/motorstandard.fr\/index.php?rest_route=%2Fwp%2Fv2%2Fcomments&post=3115"}],"version-history":[{"count":1,"href":"https:\/\/motorstandard.fr\/index.php?rest_route=\/wp\/v2\/product\/3115\/revisions"}],"predecessor-version":[{"id":29541,"href":"https:\/\/motorstandard.fr\/index.php?rest_route=\/wp\/v2\/product\/3115\/revisions\/29541"}],"wp:featuredmedia":[{"embeddable":true,"href":"https:\/\/motorstandard.fr\/index.php?rest_route=\/wp\/v2\/media\/3116"}],"wp:attachment":[{"href":"https:\/\/motorstandard.fr\/index.php?rest_route=%2Fwp%2Fv2%2Fmedia&parent=3115"}],"wp:term":[{"taxonomy":"product_brand","embeddable":true,"href":"https:\/\/motorstandard.fr\/index.php?rest_route=%2Fwp%2Fv2%2Fproduct_brand&post=3115"},{"taxonomy":"product_cat","embeddable":true,"href":"https:\/\/motorstandard.fr\/index.php?rest_route=%2Fwp%2Fv2%2Fproduct_cat&post=3115"},{"taxonomy":"product_tag","embeddable":true,"href":"https:\/\/motorstandard.fr\/index.php?rest_route=%2Fwp%2Fv2%2Fproduct_tag&post=3115"}],"curies":[{"name":"wp","href":"https:\/\/api.w.org\/{rel}","templated":true}]}}