{"id":275,"date":"2017-03-22T11:04:45","date_gmt":"2017-03-22T10:04:45","guid":{"rendered":"https:\/\/motorstandard.fr\/?post_type=product&#038;p=275"},"modified":"2026-04-29T18:24:52","modified_gmt":"2026-04-29T16:24:52","slug":"joint-cuve-zenith-26vx","status":"publish","type":"product","link":"https:\/\/motorstandard.fr\/?product=joint-cuve-zenith-26vx","title":{"rendered":"Joint cuve Zenith 26VX"},"content":{"rendered":"<p>Joint de cuve carburateur Zenith 26VX<\/p>\n<p>\u00e9paisseur 0.5 mm, limite\u00a0les probl\u00e8mes de plan\u00e9it\u00e9 de plans de joint.<\/p>\n","protected":false},"excerpt":{"rendered":"<p>Joint de cuve carburateur Zenith 26VX \u00e9paisseur 0.5 mm, limite\u00a0les probl\u00e8mes de plan\u00e9it\u00e9 de plans de joint.<\/p>\n","protected":false},"featured_media":276,"comment_status":"closed","ping_status":"closed","template":"","meta":[],"product_brand":[],"product_cat":[22],"product_tag":[],"class_list":{"0":"post-275","1":"product","2":"type-product","3":"status-publish","4":"has-post-thumbnail","6":"product_cat-zenith","8":"first","9":"instock","10":"purchasable","11":"product-type-simple"},"post_mailing_queue_ids":[],"_links":{"self":[{"href":"https:\/\/motorstandard.fr\/index.php?rest_route=\/wp\/v2\/product\/275","targetHints":{"allow":["GET"]}}],"collection":[{"href":"https:\/\/motorstandard.fr\/index.php?rest_route=\/wp\/v2\/product"}],"about":[{"href":"https:\/\/motorstandard.fr\/index.php?rest_route=\/wp\/v2\/types\/product"}],"replies":[{"embeddable":true,"href":"https:\/\/motorstandard.fr\/index.php?rest_route=%2Fwp%2Fv2%2Fcomments&post=275"}],"version-history":[{"count":1,"href":"https:\/\/motorstandard.fr\/index.php?rest_route=\/wp\/v2\/product\/275\/revisions"}],"predecessor-version":[{"id":30416,"href":"https:\/\/motorstandard.fr\/index.php?rest_route=\/wp\/v2\/product\/275\/revisions\/30416"}],"wp:featuredmedia":[{"embeddable":true,"href":"https:\/\/motorstandard.fr\/index.php?rest_route=\/wp\/v2\/media\/276"}],"wp:attachment":[{"href":"https:\/\/motorstandard.fr\/index.php?rest_route=%2Fwp%2Fv2%2Fmedia&parent=275"}],"wp:term":[{"taxonomy":"product_brand","embeddable":true,"href":"https:\/\/motorstandard.fr\/index.php?rest_route=%2Fwp%2Fv2%2Fproduct_brand&post=275"},{"taxonomy":"product_cat","embeddable":true,"href":"https:\/\/motorstandard.fr\/index.php?rest_route=%2Fwp%2Fv2%2Fproduct_cat&post=275"},{"taxonomy":"product_tag","embeddable":true,"href":"https:\/\/motorstandard.fr\/index.php?rest_route=%2Fwp%2Fv2%2Fproduct_tag&post=275"}],"curies":[{"name":"wp","href":"https:\/\/api.w.org\/{rel}","templated":true}]}}