{"id":258,"date":"2017-03-21T20:45:01","date_gmt":"2017-03-21T19:45:01","guid":{"rendered":"https:\/\/motorstandard.fr\/?post_type=product&#038;p=258"},"modified":"2026-04-02T15:42:35","modified_gmt":"2026-04-02T13:42:35","slug":"huile-yacco-legende-sae-30","status":"publish","type":"product","link":"https:\/\/motorstandard.fr\/?product=huile-yacco-legende-sae-30","title":{"rendered":"Huile Yacco l\u00e9gende SAE 30"},"content":{"rendered":"<p>Huile moteur YACCO l\u00e9gende SAE 30<\/p>\n<p>huile moteur non d\u00e9tergente pour moteur \u00e0 lubrification par barbotage non filtr\u00e9, contenant des m\u00e9taux jaunes (bronze, cuivre, laiton etc&#8230;)<\/p>\n<p>Bidon acier 2L<\/p>\n<p><strong>Exp\u00e9dition forfaitaire produit lourd<\/strong>.<\/p>\n","protected":false},"excerpt":{"rendered":"<p>Huile moteur YACCO l\u00e9gende SAE 30 huile moteur non d\u00e9tergente pour moteur \u00e0 lubrification par barbotage non filtr\u00e9, contenant des<\/p>\n","protected":false},"featured_media":259,"comment_status":"closed","ping_status":"closed","template":"","meta":[],"product_brand":[161],"product_cat":[36],"product_tag":[],"class_list":{"0":"post-258","1":"product","2":"type-product","3":"status-publish","4":"has-post-thumbnail","6":"product_brand-yacco","7":"product_cat-lubrifiant","8":"product_shipping_class-produits-lourds","10":"first","11":"instock","12":"purchasable","13":"product-type-simple"},"post_mailing_queue_ids":[],"_links":{"self":[{"href":"https:\/\/motorstandard.fr\/index.php?rest_route=\/wp\/v2\/product\/258","targetHints":{"allow":["GET"]}}],"collection":[{"href":"https:\/\/motorstandard.fr\/index.php?rest_route=\/wp\/v2\/product"}],"about":[{"href":"https:\/\/motorstandard.fr\/index.php?rest_route=\/wp\/v2\/types\/product"}],"replies":[{"embeddable":true,"href":"https:\/\/motorstandard.fr\/index.php?rest_route=%2Fwp%2Fv2%2Fcomments&post=258"}],"version-history":[{"count":1,"href":"https:\/\/motorstandard.fr\/index.php?rest_route=\/wp\/v2\/product\/258\/revisions"}],"predecessor-version":[{"id":29635,"href":"https:\/\/motorstandard.fr\/index.php?rest_route=\/wp\/v2\/product\/258\/revisions\/29635"}],"wp:featuredmedia":[{"embeddable":true,"href":"https:\/\/motorstandard.fr\/index.php?rest_route=\/wp\/v2\/media\/259"}],"wp:attachment":[{"href":"https:\/\/motorstandard.fr\/index.php?rest_route=%2Fwp%2Fv2%2Fmedia&parent=258"}],"wp:term":[{"taxonomy":"product_brand","embeddable":true,"href":"https:\/\/motorstandard.fr\/index.php?rest_route=%2Fwp%2Fv2%2Fproduct_brand&post=258"},{"taxonomy":"product_cat","embeddable":true,"href":"https:\/\/motorstandard.fr\/index.php?rest_route=%2Fwp%2Fv2%2Fproduct_cat&post=258"},{"taxonomy":"product_tag","embeddable":true,"href":"https:\/\/motorstandard.fr\/index.php?rest_route=%2Fwp%2Fv2%2Fproduct_tag&post=258"}],"curies":[{"name":"wp","href":"https:\/\/api.w.org\/{rel}","templated":true}]}}