{"id":2214,"date":"2020-10-14T14:16:37","date_gmt":"2020-10-14T12:16:37","guid":{"rendered":"https:\/\/motorstandard.fr\/?post_type=product&#038;p=2214"},"modified":"2026-04-28T11:31:15","modified_gmt":"2026-04-28T09:31:15","slug":"durite-essence-5x8","status":"publish","type":"product","link":"https:\/\/motorstandard.fr\/?product=durite-essence-5x8","title":{"rendered":"Durite essence 5X9"},"content":{"rendered":"<p>Durite essence transparente 5X9<\/p>\n<p>&nbsp;<\/p>\n<p>Vente au m\u00e8tre lin\u00e9aire<\/p>\n<p>durite de grande qualit\u00e9, tr\u00e8s bonne tenue.<\/p>\n","protected":false},"excerpt":{"rendered":"<p>Durite essence transparente 5X9 &nbsp; Vente au m\u00e8tre lin\u00e9aire durite de grande qualit\u00e9, tr\u00e8s bonne tenue.<\/p>\n","protected":false},"featured_media":30466,"comment_status":"open","ping_status":"closed","template":"","meta":[],"product_brand":[],"product_cat":[136,139,143,178,186,190,86,19,21,20,22,27,28,29,32,30,24],"product_tag":[],"class_list":{"0":"post-2214","1":"product","2":"type-product","3":"status-publish","4":"has-post-thumbnail","6":"product_cat-motostandard-1030-carburation","7":"product_cat-motostandard-1031-carburation","8":"product_cat-motostandard-1032-carburation","9":"product_cat-motostandard-1040-carburation","10":"product_cat-motostandard-1050-carburation","11":"product_cat-motostandard-2060-carburation","12":"product_cat-tracteurs","13":"product_cat-bing","14":"product_cat-gurtner","15":"product_cat-solex","16":"product_cat-zenith","17":"product_cat-motostandard-1030","18":"product_cat-motostandard-1031","19":"product_cat-motostandard-1032","20":"product_cat-motostandard-1040","21":"product_cat-motostandard-1050e","22":"product_cat-motostandard-2060","24":"first","25":"instock","26":"shipping-taxable","27":"purchasable","28":"product-type-simple"},"post_mailing_queue_ids":[],"_links":{"self":[{"href":"https:\/\/motorstandard.fr\/index.php?rest_route=\/wp\/v2\/product\/2214","targetHints":{"allow":["GET"]}}],"collection":[{"href":"https:\/\/motorstandard.fr\/index.php?rest_route=\/wp\/v2\/product"}],"about":[{"href":"https:\/\/motorstandard.fr\/index.php?rest_route=\/wp\/v2\/types\/product"}],"replies":[{"embeddable":true,"href":"https:\/\/motorstandard.fr\/index.php?rest_route=%2Fwp%2Fv2%2Fcomments&post=2214"}],"version-history":[{"count":2,"href":"https:\/\/motorstandard.fr\/index.php?rest_route=\/wp\/v2\/product\/2214\/revisions"}],"predecessor-version":[{"id":29591,"href":"https:\/\/motorstandard.fr\/index.php?rest_route=\/wp\/v2\/product\/2214\/revisions\/29591"}],"wp:featuredmedia":[{"embeddable":true,"href":"https:\/\/motorstandard.fr\/index.php?rest_route=\/wp\/v2\/media\/30466"}],"wp:attachment":[{"href":"https:\/\/motorstandard.fr\/index.php?rest_route=%2Fwp%2Fv2%2Fmedia&parent=2214"}],"wp:term":[{"taxonomy":"product_brand","embeddable":true,"href":"https:\/\/motorstandard.fr\/index.php?rest_route=%2Fwp%2Fv2%2Fproduct_brand&post=2214"},{"taxonomy":"product_cat","embeddable":true,"href":"https:\/\/motorstandard.fr\/index.php?rest_route=%2Fwp%2Fv2%2Fproduct_cat&post=2214"},{"taxonomy":"product_tag","embeddable":true,"href":"https:\/\/motorstandard.fr\/index.php?rest_route=%2Fwp%2Fv2%2Fproduct_tag&post=2214"}],"curies":[{"name":"wp","href":"https:\/\/api.w.org\/{rel}","templated":true}]}}