{"id":30023,"date":"2026-01-06T16:33:37","date_gmt":"2026-01-06T15:33:37","guid":{"rendered":"https:\/\/dev.motorstandard.fr\/?page_id=30023"},"modified":"2026-01-06T18:18:08","modified_gmt":"2026-01-06T17:18:08","slug":"retours-remboursements","status":"publish","type":"page","link":"https:\/\/motorstandard.fr\/?page_id=30023","title":{"rendered":"Retours &amp; remboursements"},"content":{"rendered":"\t\t<div data-elementor-type=\"wp-page\" data-elementor-id=\"30023\" class=\"elementor elementor-30023\">\n\t\t\t\t<div class=\"elementor-element elementor-element-fd256d8 e-flex e-con-boxed e-con e-parent\" data-id=\"fd256d8\" data-element_type=\"container\">\n\t\t\t\t\t<div class=\"e-con-inner\">\n\t\t\t\t<div class=\"elementor-element elementor-element-33f3649b color-scheme-inherit text-left elementor-widget elementor-widget-text-editor\" data-id=\"33f3649b\" data-element_type=\"widget\" data-widget_type=\"text-editor.default\">\n\t\t\t\t\t\t\t\t\t\n<p>Conform\u00e9ment \u00e0 la l\u00e9gislation en vigueur, vous disposez d\u2019un d\u00e9lai de 14 jours<br>\u00e0 compter de la r\u00e9ception de votre commande pour exercer votre droit de r\u00e9tractation.<\/p>\n\n\n\n<p>Les produits doivent \u00eatre retourn\u00e9s en bon \u00e9tat, non mont\u00e9s et dans leur emballage d\u2019origine.<\/p>\n\n\n\n<p>Apr\u00e8s r\u00e9ception et v\u00e9rification du produit retourn\u00e9, le remboursement sera effectu\u00e9<br>dans les meilleurs d\u00e9lais.<\/p>\n\n\n\n<p>Pour toute demande de retour, merci de nous contacter avant l\u2019exp\u00e9dition.<\/p>\n\n\n\n<p><\/p>\n\t\t\t\t\t\t\t\t<\/div>\n\t\t\t\t\t<\/div>\n\t\t\t\t<\/div>\n\t\t\t\t<\/div>\n\t\t","protected":false},"excerpt":{"rendered":"<p>Conform\u00e9ment \u00e0 la l\u00e9gislation en vigueur, vous disposez d\u2019un d\u00e9lai de 14 jours\u00e0 compter de la r\u00e9ception de votre commande<\/p>\n","protected":false},"author":1,"featured_media":0,"parent":0,"menu_order":0,"comment_status":"closed","ping_status":"closed","template":"","meta":{"footnotes":""},"class_list":["post-30023","page","type-page","status-publish","hentry"],"post_mailing_queue_ids":[],"_links":{"self":[{"href":"https:\/\/motorstandard.fr\/index.php?rest_route=\/wp\/v2\/pages\/30023","targetHints":{"allow":["GET"]}}],"collection":[{"href":"https:\/\/motorstandard.fr\/index.php?rest_route=\/wp\/v2\/pages"}],"about":[{"href":"https:\/\/motorstandard.fr\/index.php?rest_route=\/wp\/v2\/types\/page"}],"author":[{"embeddable":true,"href":"https:\/\/motorstandard.fr\/index.php?rest_route=\/wp\/v2\/users\/1"}],"replies":[{"embeddable":true,"href":"https:\/\/motorstandard.fr\/index.php?rest_route=%2Fwp%2Fv2%2Fcomments&post=30023"}],"version-history":[{"count":9,"href":"https:\/\/motorstandard.fr\/index.php?rest_route=\/wp\/v2\/pages\/30023\/revisions"}],"predecessor-version":[{"id":30059,"href":"https:\/\/motorstandard.fr\/index.php?rest_route=\/wp\/v2\/pages\/30023\/revisions\/30059"}],"wp:attachment":[{"href":"https:\/\/motorstandard.fr\/index.php?rest_route=%2Fwp%2Fv2%2Fmedia&parent=30023"}],"curies":[{"name":"wp","href":"https:\/\/api.w.org\/{rel}","templated":true}]}}

<div data-elementor-type="wp-page" data-elementor-id="30023" class="elementor elementor-30023">
				<div class="elementor-element elementor-element-fd256d8 e-flex e-con-boxed e-con e-parent" data-id="fd256d8" data-element_type="container">
					<div class="e-con-inner">
				<div class="elementor-element elementor-element-33f3649b color-scheme-inherit text-left elementor-widget elementor-widget-text-editor" data-id="33f3649b" data-element_type="widget" data-widget_type="text-editor.default">
									
<p>Conformément à la législation en vigueur, vous disposez d’un délai de 14 jours<br>à compter de la réception de votre commande pour exercer votre droit de rétractation.</p>



<p>Les produits doivent être retournés en bon état, non montés et dans leur emballage d’origine.</p>



<p>Après réception et vérification du produit retourné, le remboursement sera effectué<br>dans les meilleurs délais.</p>



<p>Pour toute demande de retour, merci de nous contacter avant l’expédition.</p>



<p></p>
								</div>
					</div>
				</div>
				</div>

<p>Conformément à la législation en vigueur, vous disposez d’un délai de 14 joursà compter de la réception de votre commande</p>
